f 219159752.
2, 7, 559081
List the prime factors of 36867001.
36867001
What are the prime factors of 15655508?
2, 11, 383, 929
What are the prime factors of 2211778179?
3, 13, 18904087
What are the prime factors of 40339000?
2, 5, 13, 29, 107
What are the prime factors of 1719486131?
11, 17, 31817
List the prime factors of 41436280.
2, 5, 389, 2663
What are the prime factors of 38538777?
3, 23, 558533
What are the prime factors of 1367852499?
3, 13, 11691047
What are the prime factors of 222559776?
2, 3, 23, 33599
What are the prime factors of 294350675?
5, 11774027
What are the prime factors of 182381086?
2, 6529, 13967
List the prime factors of 731426541.
3, 243808847
List the prime factors of 21144482.
2, 409, 25849
What are the prime factors of 42240637?
59, 715943
What are the prime factors of 1515160927?
7, 127, 1704343
List the prime factors of 1779747996.
2, 3, 13, 449, 25409
List the prime factors of 854043040.
2, 5, 29, 103, 1787
List the prime factors of 228101397.
3, 3347, 22717
List the prime factors of 464157660.
2, 3, 5, 941, 8221
List the prime factors of 36166372.
2, 11, 461, 1783
What are the prime factors of 11201711?
11201711
List the prime factors of 234717706.
2, 29, 4046857
What are the prime factors of 196736081?
41, 127, 37783
List the prime factors of 15712635.
3, 5, 29, 41, 881
What are the prime factors of 29371137?
3, 9790379
What are the prime factors of 39916864?
2, 13, 47977
List the prime factors of 3547247941.
83, 461, 92707
What are the prime factors of 57138254?
2, 28569127
List the prime factors of 430214657.
430214657
List the prime factors of 812762494.
2, 103, 3945449
List the prime factors of 75266703.
3, 8362967
List the prime factors of 240703829.
240703829
List the prime factors of 13530781.
11, 1230071
What are the prime factors of 50027729?
313, 159833
List the prime factors of 105270863.
5711, 18433
List the prime factors of 81724959.
3, 31, 292921
List the prime factors of 34528994.
2, 1861, 9277
What are the prime factors of 3096799343?
11, 31, 825593
List the prime factors of 2551877357.
2551877357
List the prime factors of 655230316.
2, 13, 71, 177473
What are the prime factors of 393642655?
5, 7, 151, 211, 353
List the prime factors of 907463741.
1831, 495611
What are the prime factors of 1132267947?
3, 377422649
List the prime factors of 149594799.
3, 71, 702323
What are the prime factors of 4082211695?
5, 23, 1847, 19219
What are the prime factors of 2781162050?
2, 5, 19, 154081
What are the prime factors of 618313741?
53, 353, 33049
List the prime factors of 7959891.
3, 29, 91493
List the prime factors of 259223031.
3, 9600853
List the prime factors of 87877032.
2, 3, 3661543
What are the prime factors of 1121136596?
2, 6247, 44867
What are the prime factors of 70987639?
67, 1059517
What are the prime factors of 239215968?
2, 3, 97, 8563
What are the prime factors of 55554910?
2, 5, 5555491
What are the prime factors of 5896140386?
2, 281, 1601, 6553
List the prime factors of 345581100.
2, 3, 5, 17, 7529
List the prime factors of 49505076.
2, 3, 1375141
List the prime factors of 4581792.
2, 3, 5303
What are the prime factors of 1130999123?
24001, 47123
List the prime factors of 1624099869.
3, 7, 8593121
List the prime factors of 1451998732.
2, 59, 6152537
List the prime factors of 773754253.
167, 4633259
List the prime factors of 34256294.
2, 43, 379, 1051
What are the prime factors of 27209617?
53, 131, 3919
What are the prime factors of 596971044?
2, 3, 16582529
What are the prime factors of 6667680819?
3, 2222560273
What are the prime factors of 597197031?
3, 89, 2236693
What are the prime factors of 5262346682?
2, 37, 4027, 17659
What are the prime factors of 2867139171?
3, 13, 4549, 5387
List the prime factors of 812831852.
2, 7, 193, 150413
List the prime factors of 4066753525.
5, 162670141
What are the prime factors of 133317381?
3, 1709, 26003
What are the prime factors of 1172384921?
7829, 149749
List the prime factors of 1026432709.
1026432709
List the prime factors of 613979448.
2, 3, 25582477
List the prime factors of 925402101.
3, 13, 53, 447703
List the prime factors of 57876083.
29, 1995727
List the prime factors of 828920127.
3, 7, 887, 44501
List the prime factors of 100169298.
2, 3, 618329
What are the prime factors of 1945826176?
2, 7, 19, 114299
What are the prime factors of 110839752?
2, 3, 171049
List the prime factors of 2673253780.
2, 5, 47, 2843887
List the prime factors of 392473829.
11, 47, 379, 2003
List the prime factors of 73566524.
2, 18391631
List the prime factors of 972943459.
71, 103, 233, 571
What are the prime factors of 48005707?
1427, 33641
List the prime factors of 2925234318.
2, 3, 487539053
What are the prime factors of 4489820?
2, 5, 224491
List the prime factors of 221586520.
2, 5, 5539663
What are the prime factors of 3553081236?
2, 3, 98696701
What are the prime factors of 284464115?
5, 13, 23, 179, 1063
What are the prime factors of 109484782?
2, 11, 4976581
List the prime factors of 760772532.
2, 3, 13, 4876747
What are the prime factors of 114263247?
3, 7, 111043
List the prime factors of 80758336.
2, 23, 83, 661
List the prime factors of 181843237.
17, 10696661
List the prime factors of 15751616.
2, 246119
List the prime factors of 2345831633.
443, 463, 11437
List the prime factors of 8077161.
3, 439, 6133
What are the prime factors of 36790646?
2, 313, 58771
What are the prime factors of 1376140705?
5, 275228141
What are the prime factors of 257468309?
7, 36781187
What are the prime factors of 1268747591?
19, 2953, 22613
List the prime factors of 199017290.
2, 5, 3301, 6029
What are the prime factors of 100149957?
3, 653, 17041
List the prime factors of 1633739265.
3, 5, 179, 202823
List the prime factors of 389184169.
11, 277, 127727
What are the prime factors of 171289862?
2, 59, 1451609
What are the prime factors of 207070197?
3, 811, 85109
What are the prime factors of 323525286?
2, 3, 7, 855887
What are the prime factors of 56243620?
2, 5, 2812181
What are the prime factors of 285797810?
2, 5, 19, 61, 24659
List the prime factors of 210318053.
11, 19119823
List the prime factors of 1008690821.
587, 1718383
What are the prime factors of 147389387?
147389387
What are the prime factors of 18489802?
2, 439, 21059
What are the prime factors of 2203451055?
3, 5, 13, 307, 12269
List the prime factors of 96833729.
9319, 10391
List the prime factors of 2196396007.
13, 168953539
What are the prime factors of 2580957563?
2580957563
What are the prime factors of 4910045247?
3, 17, 2087, 15377
What are the prime factors of 11318524?
2, 7, 547, 739
List the prime factors of 60936355.
5, 12187271
List the prime factors of 196218234.
2, 3, 29, 125299
List the prime factors of 70860363.
3, 7, 1013, 3331
What are the prime factors of 51623478?
2, 3, 43, 66697
List the prime factors of 70726076.
2, 1531, 11549
What are the prime factors of 30163431?
3, 19, 529183
What are the prime factors of 164044587?
3, 7, 1187, 6581
List the prime factors of 36593529.
3, 7, 23, 239, 317
What are the prime factors of 113254794?
2, 3, 2097311
List the prime factors of 680441062.
2, 7, 23, 79, 1163
What are the prime factors of 13898751?
3, 4632917
List the prime factors of 20503230.
2, 3, 5, 11, 62131
List the prime factors of 96680900.
2, 5, 137, 7057
List the prime factors of 1451813453.
97, 163, 91823
List the prime factors of 381176074.
2, 17, 11211061
What are the prime factors of 705545215?
5, 61, 547, 4229
What are the prime factors of 17396193?
3, 353, 16427
What are the prime factors of 3015340196?
2, 11, 68530459
What are the prime factors of 1301309868?
2, 3, 47, 71, 32497
What are the prime factors of 417880253?
7, 59697179
What are the prime factors of 1121441827?
11, 2267, 44971
What are the prime factors of 7677430104?
2, 3, 319892921
List the prime factors of 258003783.
3, 28667087
What are the prime factors of 222367421?
103, 157, 13751
What are the prime factors of 149276861?
71, 1447, 1453
What are the prime factors of 444932725?
5, 269, 66161
List the prime factors of 387470380.
2, 5, 11, 67, 97, 271
List the prime factors of 435670221.
3, 7, 2963743
List the prime factors of 520523171.
7, 74360453
List the prime factors of 24085984.
2, 13, 57